sor of 14 and l?
14
Suppose 3837 = 2*c - 3*q, -4*q + 66 - 70 = 0. What is the greatest common divisor of 27 and c?
27
Let a be 6/1*414/36. Suppose -w - 3*w = -28. Let k(o) = -o**3 + 8*o**2 - 5*o + 9. Let n be k(w). What is the greatest common factor of a and n?
23
Suppose 0 = 4*k, -7*k - 396 = -3*u - 6*k. What is the greatest common divisor of u and 12?
12
Suppose -704 = 9*j - 14*j - 2*a, 0 = 4*j + 3*a - 559. What is the greatest common divisor of j and 2?
2
Let n(r) = 20*r - 2. Let l be n(4). Let f(t) = 192*t - 140. Let u be f(1). What is the highest common factor of l and u?
26
Let v(a) = a**3 - 15*a**2 + 6*a + 55. Let h be v(16). Calculate the highest common factor of 37 and h.
37
Suppose 2223 = 16*z - 1297. What is the highest common factor of z and 60?
20
Let p(a) = -a + 1. Let d be p(-8). Suppose 11 = 972*r - 961*r. What is the greatest common factor of r and d?
1
Let b(f) = -f**2 - 44*f - 306. Let l be b(-22). Calculate the highest common divisor of 2 and l.
2
Let h be ((-2)/1 - -1) + -15. Suppose 3*r + 34 = 2*r - 3*b, 2*b - 76 = 2*r. Let s = h - r. What is the highest common factor of 189 and s?
21
Let w = 129 + -57. Suppose 0 = -28*f + 12*f + 128. Calculate the greatest common factor of f and w.
8
Let b(g) = -2*g**2 - 11*g + 10. Let v be b(7). Let i = 231 + v. Suppose 2*d = -0*k - 3*k + 70, -k + 24 = d. What is the greatest common factor of k and i?
22
Let n = -661 - -1009. What is the greatest common divisor of 24 and n?
12
Let g = 280 - 273. What is the highest common divisor of 224 and g?
7
Suppose g - 552 = 185. Calculate the highest common divisor of 22 and g.
11
Suppose 11*x - 446 = 38. Let k = 2 + 0. Suppose g = 2*w - g - 52, -k*w + 5*g = -64. What is the greatest common factor of x and w?
22
Let m(h) = -h**2 - 9*h - 2. Let r be m(-6). Let p be ((-5)/(-3))/(215/(-129)) + 177. Calculate the highest common divisor of p and r.
16
Suppose -3*m = -6*m - 42. Let g be 4/m + 38/(-14). Let y be (-42)/4*2/g. What is the highest common divisor of y and 56?
7
Let n = -287 - -1133. Calculate the greatest common divisor of n and 36.
18
Let a = -113 + 122. Suppose 3*b = -5*i + 19, -5*i - a = -2*b - 13. What is the highest common divisor of i and 7?
1
Let p be -2*3/(-2) - 7. Let k(d) = d + 9. Let x be k(p). Calculate the greatest common factor of 5 and x.
5
Let x(b) = -b**2 - 9*b + 15. Let v be x(-10). Suppose -v*q + 8 = -9*q. Let n be -3 - q - (-105 - 1). Calculate the greatest common factor of 21 and n.
21
Let f(x) = x**2 - 3*x - 28. Let a be f(-7). What is the highest common divisor of a and 210?
42
Suppose 52 = -3*h - 4*a + 190, 4*a + 262 = 5*h. Suppose 0 = 3*d - 3*g - 309, -d + 3*g + 109 = -0*g. What is the highest common factor of d and h?
50
Let t(q) = 3*q + 28. Let w be t(10). Calculate the greatest common factor of 2262 and w.
58
Suppose -4*w + 24 = -w. What is the greatest common factor of w and 32?
8
Suppose 0 = 4*s + 8, 5*y - s = -5*s - 343. Let g = -35 - y. Calculate the highest common divisor of g and 48.
16
Suppose 0 = -3*c + c + 10. Let f = -483 - -503. Calculate the highest common factor of f and c.
5
Suppose 15*f - 173 = -38. Calculate the greatest common divisor of f and 171.
9
Let s = -29 - -25. Let v be (-3*s/(-6))/(-1). Suppose 5*n - 16 = v*b + 47, 2*n = 2*b + 24. What is the highest common factor of 65 and n?
13
Let w = -1591 + 2823. Calculate the highest common factor of w and 77.
77
Suppose 1783 = 6*w + 151. Calculate the greatest common factor of w and 16.
16
Let b = 107 - 74. Calculate the greatest common factor of 363 and b.
33
Let l be (0 - -57)*(-8)/(-12). Suppose 138 = x - l. Let m(c) = 16*c**2 - 2*c - 2. Let q be m(-1). Calculate the greatest common factor of x and q.
16
Let q be 6/18 - (-1)/(6/(-26)). Let r be (6/q)/((-5)/10). Calculate the highest common factor of 6 and r.
3
Let a(u) = 41*u - 35. Let r be a(5). Calculate the greatest common divisor of 34 and r.
34
Suppose 4*z = -0*z - 3*i - 9, -11 = 4*z + i. Let u(g) = g - 7. Let q be u(z). Let r be (-15)/q*(-20)/(-6). Calculate the highest common divisor of r and 1.
1
Let k(q) = 4*q**3 - q**2. Let l = -12 + 13. Let d be k(l). Suppose 3*v - 21 = -2*p, 27 = 4*v + 3*p - 0*p. Calculate the highest common factor of v and d.
3
Suppose -2*m = m - 24. Suppose -c - 2*y = 0, 6 = -y + 4. Calculate the highest common divisor of m and c.
4
Let o = 3806 + -1358. Suppose s + 16*s - o = 0. Calculate the greatest common divisor of s and 18.
18
Let b be (-9)/(-12)*(0 + 4). Suppose 86 = 3*r - 5*i, -5*r - 5*i = -3*i - 133. Suppose 0 = -b*g + 24 + r. Calculate the highest common divisor of g and 153.
17
Let r be ((-22)/4 + 4)/(-3)*4. Calculate the highest common divisor of 64 and r.
2
Let u = -111 + 177. What is the highest common divisor of 154 and u?
22
Suppose 2*f + 0*f - j = 251, -5*f = 2*j - 632. What is the highest common factor of 234 and f?
18
Suppose -3*r - 53 = -56. Let g = 13 - 3. Calculate the highest common divisor of r and g.
1
Let t be (3/6 - 12/8)*-152. Let o = 12 + -4. What is the greatest common divisor of t and o?
8
Suppose -43 = 2*i - 11. Let b = i - -24. What is the greatest common factor of b and 2?
2
Let s(d) = d**3 - 3*d**2 - 5*d - 6. Let a be s(5). Suppose -3*k - 5*u = -7*u - a, -3*u = -2*k + 21. Calculate the highest common factor of 21 and k.
3
Let f = -1037 + 1093. Suppose 0 = -3*r + 19 + 65. Suppose 0 = 5*l - 7 - r. What is the greatest common divisor of f and l?
7
Suppose 146 = 4*k + 2*f, -4*f = -3*k + 142 - 38. What is the greatest common divisor of 234 and k?
18
Suppose -20 = 2*r - 7*r. Suppose -9*h - 168 = -15*h. What is the greatest common divisor of h and r?
4
Suppose 2*c - 574 = 4*p, 0*c + 3*c + 5*p - 839 = 0. Suppose -v = -z - 96, 3*v - c = -z - z. Calculate the greatest common factor of 19 and v.
19
Let l(x) = -x**2 + 5*x - 1. Let d be l(5). Let k be (3/(-6))/(d/28). Let m be ((k*3)/(-3))/(-2). Calculate the highest common factor of m and 1.
1
Let b(n) = 24*n**3 - 27*n + 2 + 2*n**2 + 10*n + 18*n - 5*n**2. Let c be b(1). Calculate the highest common divisor of 60 and c.
12
Let j(i) = i + 6. Let f be j(9). Let h(b) = 20*b**2 - 127*b + 29. Let l be h(7). What is the greatest common divisor of f and l?
15
Let d be (-1)/3 - 9/(81/(-300)). What is the highest common divisor of d and 297?
33
Let m = -3 + 3. Let b be (0 - (0 - 0))/1. Suppose b*q - 5*q + 170 = m. What is the highest common divisor of q and 85?
17
Let p be -1*(-7 - (-6 + 14)). Calculate the highest common divisor of p and 25.
5
Let t = -220 + 224. Calculate the highest common divisor of 48 and t.
4
Let q(s) = -10*s - 140. Let w be q(-18). What is the highest common divisor of 540 and w?
20
Suppose 274 - 49 = 5*f. Suppose 4*r + 405 = 3*m, 1654*m + 2*r = 1651*m + 405. What is the greatest common factor of f and m?
45
Suppose -2*g - 262 = -d - 7*g, -3*d - 4*g = -753. What is the greatest common factor of d and 52?
13
Suppose 0*z = d + z - 2, -4*z = -5*d + 1. Suppose 0 = 4*m - 2*m. Let l be m - (0/(-3) - 7). What is the highest common divisor of l and d?
1
Suppose -25*r + 24*r + 24 = 0. Let k = 48 - r. Calculate the highest common factor of k and 192.
24
Suppose 0 = 2*z - 2*w - 92, -3*w + 9 = z - 29. Suppose 8 = 4*k - z. Let s = -124 - -189. What is the highest common factor of s and k?
13
Suppose -3 = -3*o + 3*l, o + 4*o = 4*l + 8. Suppose 34 = o*b - 54. Let z(p) = 18*p**2 - 5*p + 4. Let g be z(2). What is the highest common factor of g and b?
22
Let u(p) = -p - 12. Let r be u(-10). Let c be (0 - -18) + r + 0. Suppose 0 = 3*d - c - 50. Calculate the greatest common factor of 55 and d.
11
Let s be 345/((-10)/(-4)*(-102)/(-850)). Calculate the highest common factor of s and 50.
50
Suppose 0 = -13*i + 471 + 4729. What is the greatest common divisor of 150 and i?
50
Let s be (-10 - -10)*(-2)/(-8). Suppose j + j - 4 = s. Suppose -n - 1 = 3, j*u - 4*n - 142 = 0. What is the highest common factor of 9 and u?
9
Suppose 0 = -14*a + 10*a + 80. Let m be (a/(-6))/5 + (-1491)/(-9). Calculate the highest common divisor of 15 and m.
15
Let k(x) = x + 8. Let j be k(-6). Suppose 4*f - j*s = 3*s + 326, 2*f + 3*s - 174 = 0. What is the highest common factor of f and 56?
28
Let f = 42 + 13. Suppose -5*z + 74 = -4*t, -z + t - f = -5*z. What is the highest common factor of z and 42?
14
Suppose -7*q + 20 =